{"id":78,"date":"2017-02-10T14:27:13","date_gmt":"2017-02-10T14:27:13","guid":{"rendered":"http:\/\/dieselbibel.de\/?page_id=78"},"modified":"2017-02-13T21:15:26","modified_gmt":"2017-02-13T21:15:26","slug":"diesel-versorgung","status":"publish","type":"page","link":"https:\/\/dieselbibel.de\/?page_id=78","title":{"rendered":"Diesel-Versorgung"},"content":{"rendered":"<h2><a name=\"_Toc444197446\"><\/a>1.1\u00a0\u00a0\u00a0\u00a0\u00a0\u00a0 Kraftstoff-Versorgung<\/h2>\n<h3><a name=\"_Toc444197447\"><\/a>1.1.1\u00a0\u00a0\u00a0\u00a0\u00a0\u00a0\u00a0\u00a0 Grunds\u00e4tzliches<\/h3>\n<p>Der Tank\u00a0vom E39 ist zweigeteilt. In der rechten Tankh\u00e4lfte sitzt ein Tankgeber mit der elektrisch betriebenen Intank-Pumpe. In der linken H\u00e4lfte ist ein Tankgeber mit einer Saugstrahlpumpe; diese funktioniert in etwa nach dem Prinzip einer Lackierpistole \u2013 vorbeistr\u00f6mende Fl\u00fcssigkeit erzeugt einen Unterdruck und nimmt Fl\u00fcssigkeit mit \u2013 sie hat keinen elektrischen Anschluss.<\/p>\n<p>Sind beide Tankh\u00e4lften leer und es wird getankt, \u00a0l\u00e4uft erst die rechte H\u00e4lfte voll. Ab einer bestimmten Menge geht es \u00fcber den \u00dcberlauf in die zweite H\u00e4lfte sprich links. Mit Motorstart f\u00f6rdert die InTank-Pumpe der rechten Seite den Kraftstoff mit ca. 1 bar nach vorne. Der Kraftstoff geht zur InLine-Pumpe \u00a0Die sitzt unter dem Fahrzeug in H\u00f6he Fahrersitz und erh\u00f6ht den Druck auf ca. 4 bar. Von dort geht es zur Hochdruckpumpe. Der zu viel gef\u00f6rderte und nicht ben\u00f6tigte Kraftsoff wird \u00fcber einen Kraftstoffk\u00fchler der linksseitig im Motorraum sitzt zum in die linke Tank-h\u00e4lfte zur\u00fcckgeleitet.<\/p>\n<h3><a name=\"_Toc444197448\"><\/a>1.1.2\u00a0\u00a0\u00a0\u00a0\u00a0\u00a0\u00a0\u00a0 Entl\u00fcftung des Kraftstoff-Systems<\/h3>\n<p>Das System zur Kraftstoff-F\u00f6rderung ist selbstentl\u00fcftend, d.h. mit Z\u00fcndung AN f\u00fcr ca. 3 Minuten (bis zur Abschaltung der InLine-Pumpe) ist das System entl\u00fcftet.<\/p>\n<h3><a name=\"_Toc444197449\"><\/a>1.1.3\u00a0\u00a0\u00a0\u00a0\u00a0\u00a0\u00a0\u00a0 Verrostete Dieselleitung<\/h3>\n<p>Findet sich eine Diesel-Lache unter dem Fahrzeug (in H\u00f6he der InLine-Pumpe) ist die Ursache meist eine verrostete Dieselleitung. Die Schellen sind oft nur mit schwer zu l\u00f6sen und das Teil Nr. 6 besteht aus Kunststoff und kann bei Arbeiten am System leicht brechen. Daher ist dieses Ersatzteil am besten vorher zu beschaffen.<\/p>\n<p>Die Schlauch-Leitungen (7) sind Schl\u00e4uche mit den Ma\u00dfen 8&#215;13; im Fachhandel kann ein solcher Diesel-zugelassener Kraftstoffschlauch g\u00fcnstig besorgt werden. Meist liegt eine Durchrostung an den gekennzeichneten Enden vor. Provisorisch kann einfach ein verl\u00e4ngerter Dieselschlauch verwendet und die Undichtigkeit damit behoben werden. Ansonsten sind die Stahl-Leitungen (5) im Ganzen zu erneuern.<\/p>\n<p style=\"text-align: center;\"><img loading=\"lazy\" decoding=\"async\" class=\"alignnone wp-image-285\" src=\"http:\/\/dieselbibel.de\/wp-content\/uploads\/2017\/02\/v27b-1.png\" alt=\"\" width=\"576\" height=\"514\" srcset=\"https:\/\/dieselbibel.de\/wp-content\/uploads\/2017\/02\/v27b-1.png 483w, https:\/\/dieselbibel.de\/wp-content\/uploads\/2017\/02\/v27b-1-300x267.png 300w, https:\/\/dieselbibel.de\/wp-content\/uploads\/2017\/02\/v27b-1-337x300.png 337w\" sizes=\"auto, (max-width: 576px) 100vw, 576px\" \/><br \/>\nDiesel-Leitungen<\/p>\n<h3 style=\"text-align: left;\">Das Kraftstoffsystem im Detail<\/h3>\n<p><img loading=\"lazy\" decoding=\"async\" class=\"alignnone size-full wp-image-288\" src=\"http:\/\/dieselbibel.de\/wp-content\/uploads\/2017\/02\/v28.png\" alt=\"\" width=\"776\" height=\"873\" srcset=\"https:\/\/dieselbibel.de\/wp-content\/uploads\/2017\/02\/v28.png 776w, https:\/\/dieselbibel.de\/wp-content\/uploads\/2017\/02\/v28-267x300.png 267w, https:\/\/dieselbibel.de\/wp-content\/uploads\/2017\/02\/v28-768x864.png 768w\" sizes=\"auto, (max-width: 776px) 100vw, 776px\" \/><\/p>\n<p><img loading=\"lazy\" decoding=\"async\" class=\"alignnone size-full wp-image-287\" src=\"http:\/\/dieselbibel.de\/wp-content\/uploads\/2017\/02\/v28a.png\" alt=\"\" width=\"667\" height=\"738\" srcset=\"https:\/\/dieselbibel.de\/wp-content\/uploads\/2017\/02\/v28a.png 667w, https:\/\/dieselbibel.de\/wp-content\/uploads\/2017\/02\/v28a-271x300.png 271w\" sizes=\"auto, (max-width: 667px) 100vw, 667px\" \/><\/p>\n","protected":false},"excerpt":{"rendered":"<p>1.1\u00a0\u00a0\u00a0\u00a0\u00a0\u00a0 Kraftstoff-Versorgung 1.1.1\u00a0\u00a0\u00a0\u00a0\u00a0\u00a0\u00a0\u00a0 Grunds\u00e4tzliches Der Tank\u00a0vom E39 ist zweigeteilt. In der rechten Tankh\u00e4lfte sitzt ein Tankgeber mit der elektrisch betriebenen Intank-Pumpe. In der linken H\u00e4lfte ist ein Tankgeber mit einer Saugstrahlpumpe; diese funktioniert in etwa nach dem Prinzip einer Lackierpistole &hellip; <a href=\"https:\/\/dieselbibel.de\/?page_id=78\">Weiterlesen <span class=\"meta-nav\">&rarr;<\/span><\/a><\/p>\n","protected":false},"author":1,"featured_media":0,"parent":0,"menu_order":0,"comment_status":"closed","ping_status":"closed","template":"","meta":{"footnotes":""},"class_list":["post-78","page","type-page","status-publish","hentry"],"_links":{"self":[{"href":"https:\/\/dieselbibel.de\/index.php?rest_route=\/wp\/v2\/pages\/78","targetHints":{"allow":["GET"]}}],"collection":[{"href":"https:\/\/dieselbibel.de\/index.php?rest_route=\/wp\/v2\/pages"}],"about":[{"href":"https:\/\/dieselbibel.de\/index.php?rest_route=\/wp\/v2\/types\/page"}],"author":[{"embeddable":true,"href":"https:\/\/dieselbibel.de\/index.php?rest_route=\/wp\/v2\/users\/1"}],"replies":[{"embeddable":true,"href":"https:\/\/dieselbibel.de\/index.php?rest_route=%2Fwp%2Fv2%2Fcomments&post=78"}],"version-history":[{"count":3,"href":"https:\/\/dieselbibel.de\/index.php?rest_route=\/wp\/v2\/pages\/78\/revisions"}],"predecessor-version":[{"id":491,"href":"https:\/\/dieselbibel.de\/index.php?rest_route=\/wp\/v2\/pages\/78\/revisions\/491"}],"wp:attachment":[{"href":"https:\/\/dieselbibel.de\/index.php?rest_route=%2Fwp%2Fv2%2Fmedia&parent=78"}],"curies":[{"name":"wp","href":"https:\/\/api.w.org\/{rel}","templated":true}]}}