{"id":340,"date":"2017-02-15T12:02:31","date_gmt":"2017-02-15T12:02:31","guid":{"rendered":"http:\/\/dieselbibel.de\/?page_id=340"},"modified":"2017-08-02T16:30:31","modified_gmt":"2017-08-02T16:30:31","slug":"start","status":"publish","type":"page","link":"https:\/\/dieselbibel.de\/","title":{"rendered":"Dem geneigten BMW-Fan und Dieselschrauber"},"content":{"rendered":"<div class=\"entry-content\">\n<p>Der Autor dieser Seiten ist ein begeisterter Hobbyschrauber und hat seine Erfahrungen an einem 5er BMW 525d, BJ2001 gesammelt. Im <a href=\"http:\/\/www.e39-forum.de\">e39 Forum<\/a> ist er unter dem Avatar <span style=\"color: #800080;\"><strong>willythecat<\/strong><\/span> bekannt. Hintergrund waren einige Fehlschl\u00e4ge und damit verbundenen Fehlinvestionen bei der Motor-Instantsetzung. Damit diese den Forenmitgliedern erspart blieben, entstand ein Fehlersuch-Dokument f\u00fcr den M57 Motor \u2013 immer basierend auf eine kostenoptimierte Fehlerbehebung.<\/p>\n<p>Dieses Dokument wurde im Laufe von mehreren Jahren st\u00e4ndig erweitert und aktualisiert. Im e39 Forum ist dieses Dokument auch als \u201eDie Dieselbibel\u201c bekannt geworden und der Autor wurde als \u201eDieselpapst\u201c gek\u00fcrt. Er selbst sieht sich sicherlich nicht in dieser Position \u2013\u00a0 es gibt wesentlich kompetentere Schrauber, aber diese Bezeichnung freut dennoch.<\/p>\n<p>Auf dieser Web-Pr\u00e4senz sind nun alle Dokumente eingeflossen. Es soll jedem Dieselfahrer es eine schnelle und kostenlose Hilfe sein. Trotzdem freut sich der Autor, wenn der geneigte Leser seinen Dank durch eine kleine Aufbesserung seines Taschengeldes in klingender M\u00fcnze zeigt.<\/p>\n<form action=\"https:\/\/www.paypal.com\/cgi-bin\/webscr\" method=\"post\" target=\"_top\"><input name=\"cmd\" type=\"hidden\" value=\"_s-xclick\" \/><br \/>\n<input name=\"hosted_button_id\" type=\"hidden\" value=\"Y47KBJAUJUM3Q\" \/><br \/>\n<input alt=\"Jetzt einfach, schnell und sicher online bezahlen \u2013 mit PayPal.\" name=\"submit\" src=\"http:\/\/dieselbibel.de\/wp-content\/uploads\/2017\/02\/paypal.png\" type=\"image\" \/><br \/>\n<img loading=\"lazy\" decoding=\"async\" src=\"https:\/\/www.paypalobjects.com\/de_DE\/i\/scr\/pixel.gif\" alt=\"\" width=\"1\" height=\"1\" border=\"0\" \/><\/form>\n<p>\u00dcbrigens, das war mein erster BMW, 1979, mit Check-Control und man beachte: Scheinwerfer-Reinigung!<br \/>\n<img loading=\"lazy\" decoding=\"async\" class=\"alignnone size-large wp-image-460\" src=\"http:\/\/dieselbibel.de\/wp-content\/uploads\/2017\/07\/2002-1024x743.jpg\" alt=\"\" width=\"584\" height=\"424\" srcset=\"https:\/\/dieselbibel.de\/wp-content\/uploads\/2017\/07\/2002-1024x743.jpg 1024w, https:\/\/dieselbibel.de\/wp-content\/uploads\/2017\/07\/2002-300x218.jpg 300w, https:\/\/dieselbibel.de\/wp-content\/uploads\/2017\/07\/2002-768x557.jpg 768w, https:\/\/dieselbibel.de\/wp-content\/uploads\/2017\/07\/2002-413x300.jpg 413w\" sizes=\"auto, (max-width: 584px) 100vw, 584px\" \/><br \/>\nMein Dank geht auch an viele e39-forum Mitglieder, die mir oft weitergeholfen haben.<\/p>\n<h3><span style=\"color: #ff0000;\">Der Autor \u00fcbernimmt f\u00fcr diese Anleitungen keine Haftung!<br \/>\nAlle Arbeiten am und im Wagen erfolgen ausschlie\u00dflich auf eigene Gefahr.<\/span><br \/>\n<span style=\"color: #ff0000;\">Unsachgem\u00e4\u00df ausgef\u00fchrte Arbeiten k\u00f6nnen sich an sicherheitsrelevanten Baugruppen negativ auf die Sicherheit des PKW und damit f\u00fcr die Sicherheit der Insassen auswirken.<\/span><br \/>\n<span style=\"color: #ff0000;\">Unsachgem\u00e4\u00df ausgef\u00fchrte Arbeiten an der Elektrik\/Elektronik k\u00f6nnen zu weiterf\u00fchrenden Problemen und daraus resultierenden Fehlfunktionen f\u00fchren.<\/span><\/h3>\n<\/div>\n","protected":false},"excerpt":{"rendered":"<p>Der Autor dieser Seiten ist ein begeisterter Hobbyschrauber und hat seine Erfahrungen an einem 5er BMW 525d, BJ2001 gesammelt. Im e39 Forum ist er unter dem Avatar willythecat bekannt. Hintergrund waren einige Fehlschl\u00e4ge und damit verbundenen Fehlinvestionen bei der Motor-Instantsetzung. &hellip; <a href=\"https:\/\/dieselbibel.de\/\">Weiterlesen <span class=\"meta-nav\">&rarr;<\/span><\/a><\/p>\n","protected":false},"author":1,"featured_media":0,"parent":0,"menu_order":0,"comment_status":"closed","ping_status":"closed","template":"sidebar-page.php","meta":{"footnotes":""},"class_list":["post-340","page","type-page","status-publish","hentry"],"_links":{"self":[{"href":"https:\/\/dieselbibel.de\/index.php?rest_route=\/wp\/v2\/pages\/340","targetHints":{"allow":["GET"]}}],"collection":[{"href":"https:\/\/dieselbibel.de\/index.php?rest_route=\/wp\/v2\/pages"}],"about":[{"href":"https:\/\/dieselbibel.de\/index.php?rest_route=\/wp\/v2\/types\/page"}],"author":[{"embeddable":true,"href":"https:\/\/dieselbibel.de\/index.php?rest_route=\/wp\/v2\/users\/1"}],"replies":[{"embeddable":true,"href":"https:\/\/dieselbibel.de\/index.php?rest_route=%2Fwp%2Fv2%2Fcomments&post=340"}],"version-history":[{"count":14,"href":"https:\/\/dieselbibel.de\/index.php?rest_route=\/wp\/v2\/pages\/340\/revisions"}],"predecessor-version":[{"id":472,"href":"https:\/\/dieselbibel.de\/index.php?rest_route=\/wp\/v2\/pages\/340\/revisions\/472"}],"wp:attachment":[{"href":"https:\/\/dieselbibel.de\/index.php?rest_route=%2Fwp%2Fv2%2Fmedia&parent=340"}],"curies":[{"name":"wp","href":"https:\/\/api.w.org\/{rel}","templated":true}]}}